{"id":11118,"date":"2025-07-30T08:55:37","date_gmt":"2025-07-30T06:55:37","guid":{"rendered":"https:\/\/st-andrae.info\/?post_type=event&#038;p=11118"},"modified":"2025-07-30T08:55:39","modified_gmt":"2025-07-30T06:55:39","slug":"oswaldikirchtag-der-ff-schoenweg","status":"publish","type":"event","link":"https:\/\/st-andrae.info\/en\/veranstaltungen\/oswaldikirchtag-der-ff-schoenweg\/","title":{"rendered":"Oswaldikirchtag der FF Sch\u00f6nweg"},"content":{"rendered":"<div class=\"em em-view-container\" id=\"em-view-479095482\" data-view=\"event\">\r\n\t<div class=\"em-item em-item-single em-event em-event-single em-event-916\" id=\"em-event-479095482\" data-view-id=\"479095482\">\r\n\t\t<div class=\"event_header\">\r\n\r\n<p class=\"sixcol\">\r\n\t<i class=\"far fa-clock\"><\/i>\r\n\t<em>Datum:<\/em><br\/><strong>3. August 2025<\/strong> at <strong>9:00 - 23:45<\/strong><\/p>\r\n\r\n<p class=\"sixcol\">\r\n\t<i class=\"fas fa-map-marker-alt\"><\/i>\r\n\t<em>Ort:<\/em><br\/>\r\n\t<strong>Festplatz in Sch\u00f6nweg  <\/strong>\r\n<\/p>\r\n\r\n<\/div>\r\n<br style=\"clear:both\" \/>\r\n        <p>Um 09:00 Uhr startet der traditioneller Oswaldikirchtag mit der heiligen Messe und dem gewohnten Umgang zur Marienkapelle und zur\u00fcck!<\/p>\n<p>Im Anschluss beginnt der Fr\u00fchshoppen mit den jungen fidelen Lavanttalern. Wie immer verk\u00f6stigen die FF Sch\u00f6nweg euch mit bew\u00e4hrten Grillspezialit\u00e4ten, aber auch K\u00e4rntnernudeln und k\u00fchlen Getr\u00e4nken.<\/p>\n<p>Es ist f\u00fcr Jedermann etwas dabei!<br \/>F\u00fcr die kleinen G\u00e4ste gibt es auch eine H\u00fcpfburg.<\/p>\n<p>Am Abend ab 20:00 Uhr wird EGON 7 das Zelt so richtig einheizen und bis in die Morgenstunden mit euch feiern.<\/p>\n<figure class=\"wp-block-image size-large is-resized\"><a href=\"https:\/\/st-andrae.info\/wp-content\/uploads\/2025\/07\/image.png\"><img fetchpriority=\"high\" decoding=\"async\" width=\"724\" height=\"1024\" src=\"https:\/\/st-andrae.info\/wp-content\/uploads\/2025\/07\/image-724x1024.png\" alt=\"\" class=\"wp-image-11119\" style=\"width:474px;height:auto\" srcset=\"https:\/\/st-andrae.info\/wp-content\/uploads\/2025\/07\/image-724x1024.png 724w, https:\/\/st-andrae.info\/wp-content\/uploads\/2025\/07\/image-212x300.png 212w, https:\/\/st-andrae.info\/wp-content\/uploads\/2025\/07\/image-8x12.png 8w, https:\/\/st-andrae.info\/wp-content\/uploads\/2025\/07\/image.png 737w\" sizes=\"(max-width: 724px) 100vw, 724px\" \/><\/a><\/figure>\n\r\n        \r\n      \t<\/div>\r\n<\/div>","protected":false},"excerpt":{"rendered":"<p>3. August 2025 @ 9:00 &#8211; 23:45 &#8211; Um 09:00 Uhr startet der traditioneller Oswaldikirchtag mit der heiligen Messe und dem gewohnten Umgang zur Marienkapelle und zur\u00fcck! Im Anschluss beginnt der Fr\u00fchshoppen mit den jungen fidelen Lavanttalern. Wie immer verk\u00f6stigen die FF Sch\u00f6nweg euch mit bew\u00e4hrten Grillspezialit\u00e4ten, aber auch K\u00e4rntnernudeln und k\u00fchlen Getr\u00e4nken. Es ist f\u00fcr Jedermann etwas dabei!F\u00fcr die kleinen G\u00e4ste gibt &#8230;<\/p>","protected":false},"author":2,"featured_media":0,"template":"","class_list":["post-11118","event","type-event","status-publish","hentry","event-categories-allgemein"],"_links":{"self":[{"href":"https:\/\/st-andrae.info\/en\/wp-json\/wp\/v2\/event\/11118","targetHints":{"allow":["GET"]}}],"collection":[{"href":"https:\/\/st-andrae.info\/en\/wp-json\/wp\/v2\/event"}],"about":[{"href":"https:\/\/st-andrae.info\/en\/wp-json\/wp\/v2\/types\/event"}],"author":[{"embeddable":true,"href":"https:\/\/st-andrae.info\/en\/wp-json\/wp\/v2\/users\/2"}],"wp:attachment":[{"href":"https:\/\/st-andrae.info\/en\/wp-json\/wp\/v2\/media?parent=11118"}],"curies":[{"name":"wp","href":"https:\/\/api.w.org\/{rel}","templated":true}]}}

Oswaldikirchtag der FF Schönweg

<div class="em em-view-container" id="em-view-479095482" data-view="event">
	<div class="em-item em-item-single em-event em-event-single em-event-916" id="em-event-479095482" data-view-id="479095482">
		<div class="event_header">

<p class="sixcol">
	<i class="far fa-clock"></i>
	<em>Datum:</em><br/><strong>3. August 2025</strong> at <strong>9:00 - 23:45</strong></p>

<p class="sixcol">
	<i class="fas fa-map-marker-alt"></i>
	<em>Ort:</em><br/>
	<strong>Festplatz in Schönweg  </strong>
</p>

</div>
<br style="clear:both" />
        <p>Um 09:00 Uhr startet der traditioneller Oswaldikirchtag mit der heiligen Messe und dem gewohnten Umgang zur Marienkapelle und zurück!</p>
<p>Im Anschluss beginnt der Frühshoppen mit den jungen fidelen Lavanttalern. Wie immer verköstigen die FF Schönweg euch mit bewährten Grillspezialitäten, aber auch Kärntnernudeln und kühlen Getränken.</p>
<p>Es ist für Jedermann etwas dabei!<br />Für die kleinen Gäste gibt es auch eine Hüpfburg.</p>
<p>Am Abend ab 20:00 Uhr wird EGON 7 das Zelt so richtig einheizen und bis in die Morgenstunden mit euch feiern.</p>
<figure class="wp-block-image size-large is-resized"><a href="https://st-andrae.info/wp-content/uploads/2025/07/image.png"><img fetchpriority="high" decoding="async" width="724" height="1024" src="https://st-andrae.info/wp-content/uploads/2025/07/image-724x1024.png" alt="" class="wp-image-11119" style="width:474px;height:auto" srcset="https://st-andrae.info/wp-content/uploads/2025/07/image-724x1024.png 724w, https://st-andrae.info/wp-content/uploads/2025/07/image-212x300.png 212w, https://st-andrae.info/wp-content/uploads/2025/07/image-8x12.png 8w, https://st-andrae.info/wp-content/uploads/2025/07/image.png 737w" sizes="(max-width: 724px) 100vw, 724px" /></a></figure>

        
      	</div>
</div>

<p>3. August 2025 @ 9:00 &#8211; 23:45 &#8211; Um 09:00 Uhr startet der traditioneller Oswaldikirchtag mit der heiligen Messe und dem gewohnten Umgang zur Marienkapelle und zurück! Im Anschluss beginnt der Frühshoppen mit den jungen fidelen Lavanttalern. Wie immer verköstigen die FF Schönweg euch mit bewährten Grillspezialitäten, aber auch Kärntnernudeln und kühlen Getränken. Es ist für Jedermann etwas dabei!Für die kleinen Gäste gibt &#8230;</p>
