{"id":11282,"date":"2025-09-19T09:05:41","date_gmt":"2025-09-19T07:05:41","guid":{"rendered":"https:\/\/st-andrae.info\/?post_type=event&#038;p=11282"},"modified":"2025-09-19T09:08:02","modified_gmt":"2025-09-19T07:08:02","slug":"kultur-am-berg-lebensstuerme","status":"publish","type":"event","link":"https:\/\/st-andrae.info\/hr\/veranstaltungen\/kultur-am-berg-lebensstuerme\/","title":{"rendered":"Kultur am Berg &#8211; Lebensst\u00fcrme"},"content":{"rendered":"<div class=\"em em-view-container\" id=\"em-view-1928713285\" data-view=\"event\">\r\n\t<div class=\"em-item em-item-single em-event em-event-single em-event-927\" id=\"em-event-1928713285\" data-view-id=\"1928713285\">\r\n\t\t<div class=\"event_header\">\r\n\r\n<p class=\"sixcol\">\r\n\t<i class=\"far fa-clock\"><\/i>\r\n\t<em>Datum:<\/em><br\/><strong>22. rujna 2025<\/strong> at <strong>19:00 - 22:00<\/strong><\/p>\r\n\r\n<p class=\"sixcol\">\r\n\t<i class=\"fas fa-map-marker-alt\"><\/i>\r\n\t<em>Ort:<\/em><br\/>\r\n\t<strong>Pfarrkirche P\u00f6lling  <\/strong>\r\n<\/p>\r\n\r\n<\/div>\r\n<br style=\"clear:both\" \/>\r\n        <p><strong>Montag, 22. September 2025 | Pfarrkirche P\u00f6lling<\/strong><br \/>Einlass: 18:00 Uhr | Beginn: 19:00 Uhr<\/p>\n<p>Zum Herbstbeginn l\u00e4dt die Pfarrkulturgemeinschaft P\u00f6lling zu einem besonderen Konzertabend ein:<br \/>Die international erfolgreiche K\u00e4rntner Musikerin <strong>Julia Hofer<\/strong> (Cello &amp; Bass) tritt gemeinsam mit <strong>Edgar Unterkirchner<\/strong> (Saxophon &amp; Klarinette) auf.<\/p>\n<p>Das Publikum erwartet ein <strong>spannendes Gesamtkunstwerk<\/strong>, begleitet von beeindruckenden <strong>Licht- und Soundinstallationen<\/strong> des Grazer K\u00fcnstlerkollektivs <strong>OchoReSotto<\/strong>, das den Kirchenraum in ein v\u00f6llig neues Licht taucht.<\/p>\n<p>Karten sind um <strong>25 \u20ac<\/strong> bei <strong>Margit Obrietan<\/strong> unter Tel. <strong>0650\/3051190<\/strong> oder bei <strong>Buch Kunst San Damiano Wolfsberg<\/strong> erh\u00e4ltlich.<\/p>\n<p>Mehr Informationen zu kommenden Veranstaltungen unter: <a href=\"http:\/\/www.kulturamberg.at\">www.kulturamberg.at<\/a><\/p>\n<figure class=\"wp-block-image size-full is-resized\"><a href=\"https:\/\/st-andrae.info\/wp-content\/uploads\/2025\/09\/Plakat-Sept-2025.jpeg\"><img fetchpriority=\"high\" decoding=\"async\" width=\"556\" height=\"793\" src=\"https:\/\/st-andrae.info\/wp-content\/uploads\/2025\/09\/Plakat-Sept-2025.jpeg\" alt=\"\" class=\"wp-image-11283\" style=\"width:491px;height:auto\" srcset=\"https:\/\/st-andrae.info\/wp-content\/uploads\/2025\/09\/Plakat-Sept-2025.jpeg 556w, https:\/\/st-andrae.info\/wp-content\/uploads\/2025\/09\/Plakat-Sept-2025-210x300.jpeg 210w, https:\/\/st-andrae.info\/wp-content\/uploads\/2025\/09\/Plakat-Sept-2025-8x12.jpeg 8w\" sizes=\"(max-width: 556px) 100vw, 556px\" \/><\/a><\/figure>\n\r\n        \r\n      \t<\/div>\r\n<\/div>","protected":false},"excerpt":{"rendered":"<p>22. rujna 2025 @ 19:00 &#8211; 22:00 &#8211; Montag, 22. September 2025 | Pfarrkirche P\u00f6llingEinlass: 18:00 Uhr | Beginn: 19:00 Uhr Zum Herbstbeginn l\u00e4dt die Pfarrkulturgemeinschaft P\u00f6lling zu einem besonderen Konzertabend ein:Die international erfolgreiche K\u00e4rntner Musikerin Julia Hofer (Cello &amp; Bass) tritt gemeinsam mit Edgar Unterkirchner (Saxophon &amp; Klarinette) auf. Das Publikum erwartet ein spannendes Gesamtkunstwerk, begleitet von beeindruckenden Licht- und Soundinstallationen des &#8230;<\/p>","protected":false},"author":2,"featured_media":0,"template":"","class_list":["post-11282","event","type-event","status-publish","hentry","event-categories-allgemein"],"_links":{"self":[{"href":"https:\/\/st-andrae.info\/hr\/wp-json\/wp\/v2\/event\/11282","targetHints":{"allow":["GET"]}}],"collection":[{"href":"https:\/\/st-andrae.info\/hr\/wp-json\/wp\/v2\/event"}],"about":[{"href":"https:\/\/st-andrae.info\/hr\/wp-json\/wp\/v2\/types\/event"}],"author":[{"embeddable":true,"href":"https:\/\/st-andrae.info\/hr\/wp-json\/wp\/v2\/users\/2"}],"wp:attachment":[{"href":"https:\/\/st-andrae.info\/hr\/wp-json\/wp\/v2\/media?parent=11282"}],"curies":[{"name":"wp","href":"https:\/\/api.w.org\/{rel}","templated":true}]}}

Kultur am Berg &#8211; Lebensstürme

<div class="em em-view-container" id="em-view-1928713285" data-view="event">
	<div class="em-item em-item-single em-event em-event-single em-event-927" id="em-event-1928713285" data-view-id="1928713285">
		<div class="event_header">

<p class="sixcol">
	<i class="far fa-clock"></i>
	<em>Datum:</em><br/><strong>22. rujna 2025</strong> at <strong>19:00 - 22:00</strong></p>

<p class="sixcol">
	<i class="fas fa-map-marker-alt"></i>
	<em>Ort:</em><br/>
	<strong>Pfarrkirche Pölling  </strong>
</p>

</div>
<br style="clear:both" />
        <p><strong>Montag, 22. September 2025 | Pfarrkirche Pölling</strong><br />Einlass: 18:00 Uhr | Beginn: 19:00 Uhr</p>
<p>Zum Herbstbeginn lädt die Pfarrkulturgemeinschaft Pölling zu einem besonderen Konzertabend ein:<br />Die international erfolgreiche Kärntner Musikerin <strong>Julia Hofer</strong> (Cello &amp; Bass) tritt gemeinsam mit <strong>Edgar Unterkirchner</strong> (Saxophon &amp; Klarinette) auf.</p>
<p>Das Publikum erwartet ein <strong>spannendes Gesamtkunstwerk</strong>, begleitet von beeindruckenden <strong>Licht- und Soundinstallationen</strong> des Grazer Künstlerkollektivs <strong>OchoReSotto</strong>, das den Kirchenraum in ein völlig neues Licht taucht.</p>
<p>Karten sind um <strong>25 €</strong> bei <strong>Margit Obrietan</strong> unter Tel. <strong>0650/3051190</strong> oder bei <strong>Buch Kunst San Damiano Wolfsberg</strong> erhältlich.</p>
<p>Mehr Informationen zu kommenden Veranstaltungen unter: <a href="http://www.kulturamberg.at">www.kulturamberg.at</a></p>
<figure class="wp-block-image size-full is-resized"><a href="https://st-andrae.info/wp-content/uploads/2025/09/Plakat-Sept-2025.jpeg"><img fetchpriority="high" decoding="async" width="556" height="793" src="https://st-andrae.info/wp-content/uploads/2025/09/Plakat-Sept-2025.jpeg" alt="" class="wp-image-11283" style="width:491px;height:auto" srcset="https://st-andrae.info/wp-content/uploads/2025/09/Plakat-Sept-2025.jpeg 556w, https://st-andrae.info/wp-content/uploads/2025/09/Plakat-Sept-2025-210x300.jpeg 210w, https://st-andrae.info/wp-content/uploads/2025/09/Plakat-Sept-2025-8x12.jpeg 8w" sizes="(max-width: 556px) 100vw, 556px" /></a></figure>

        
      	</div>
</div>

<p>22. rujna 2025 @ 19:00 &#8211; 22:00 &#8211; Montag, 22. September 2025 | Pfarrkirche PöllingEinlass: 18:00 Uhr | Beginn: 19:00 Uhr Zum Herbstbeginn lädt die Pfarrkulturgemeinschaft Pölling zu einem besonderen Konzertabend ein:Die international erfolgreiche Kärntner Musikerin Julia Hofer (Cello &amp; Bass) tritt gemeinsam mit Edgar Unterkirchner (Saxophon &amp; Klarinette) auf. Das Publikum erwartet ein spannendes Gesamtkunstwerk, begleitet von beeindruckenden Licht- und Soundinstallationen des &#8230;</p>
