{"id":11954,"date":"2026-04-29T10:04:02","date_gmt":"2026-04-29T08:04:02","guid":{"rendered":"https:\/\/st-andrae.info\/?post_type=event&#038;p=11954"},"modified":"2026-04-29T10:04:03","modified_gmt":"2026-04-29T08:04:03","slug":"gerhard-plaschke-aquarelle","status":"publish","type":"event","link":"https:\/\/st-andrae.info\/hr\/veranstaltungen\/gerhard-plaschke-aquarelle\/","title":{"rendered":"Gerhard Plaschke &#8211; Aquarelle"},"content":{"rendered":"<div class=\"em em-view-container\" id=\"em-view-2109286664\" data-view=\"event\">\r\n\t<div class=\"em-item em-item-single em-event em-event-single em-event-1010\" id=\"em-event-2109286664\" data-view-id=\"2109286664\">\r\n\t\t<div class=\"event_header\">\r\n\r\n<p class=\"sixcol\">\r\n\t<i class=\"far fa-clock\"><\/i>\r\n\t<em>Datum:<\/em><br\/><strong>29. travnja 2026 - 20. svibnja 2026<\/strong> at <strong>Ganzt\u00e4gig<\/strong><\/p>\r\n\r\n<p class=\"sixcol\">\r\n\t<i class=\"fas fa-map-marker-alt\"><\/i>\r\n\t<em>Ort:<\/em><br\/>\r\n\t<strong>Galerie II  <\/strong>\r\n<\/p>\r\n\r\n<\/div>\r\n<br style=\"clear:both\" \/>\r\n        <p>In der Galerie II in St. Andr\u00e4 pr\u00e4sentiert der K\u00fcnstler Gerhard Plaschke eine Auswahl seiner Aquarellarbeiten. Die Ausstellung zeigt eindrucksvolle Werke, die durch ihre Leichtigkeit, Farbintensit\u00e4t und detailreiche Darstellung bestechen.<\/p>\n<p>Mit seinen Aquarellen f\u00e4ngt Plaschke unterschiedlichste Stimmungen und Motive ein \u2013 von Landschaften bis hin zu architektonischen Szenen. Die transparente Maltechnik verleiht den Bildern eine besondere Tiefe und l\u00e4dt dazu ein, die Werke aus n\u00e4chster N\u00e4he zu entdecken.<\/p>\n<p>Die Ausstellung wird von Prof. Harald Raffer er\u00f6ffnet und musikalisch von der Musikschule Unteres Lavanttal umrahmt. Die Koordination erfolgt durch Dir.-Stv. Walter Schildberger.<\/p>\n<p>Interessierte Besucherinnen und Besucher sind herzlich eingeladen, die Ausstellung w\u00e4hrend der \u00d6ffnungszeiten der Galerie II zu besuchen und sich von der Vielfalt der Aquarellkunst inspirieren zu lassen.<\/p>\n<figure class=\"wp-block-image size-large is-resized\"><a href=\"https:\/\/st-andrae.info\/wp-content\/uploads\/2026\/04\/Einladung-Ausstellung-Gerhard-Plaschke.jpg\"><img fetchpriority=\"high\" decoding=\"async\" width=\"722\" height=\"1024\" src=\"https:\/\/st-andrae.info\/wp-content\/uploads\/2026\/04\/Einladung-Ausstellung-Gerhard-Plaschke-722x1024.jpg\" alt=\"\" class=\"wp-image-11955\" style=\"width:644px;height:auto\" srcset=\"https:\/\/st-andrae.info\/wp-content\/uploads\/2026\/04\/Einladung-Ausstellung-Gerhard-Plaschke-722x1024.jpg 722w, https:\/\/st-andrae.info\/wp-content\/uploads\/2026\/04\/Einladung-Ausstellung-Gerhard-Plaschke-211x300.jpg 211w, https:\/\/st-andrae.info\/wp-content\/uploads\/2026\/04\/Einladung-Ausstellung-Gerhard-Plaschke-768x1089.jpg 768w, https:\/\/st-andrae.info\/wp-content\/uploads\/2026\/04\/Einladung-Ausstellung-Gerhard-Plaschke-1083x1536.jpg 1083w, https:\/\/st-andrae.info\/wp-content\/uploads\/2026\/04\/Einladung-Ausstellung-Gerhard-Plaschke-1444x2048.jpg 1444w, https:\/\/st-andrae.info\/wp-content\/uploads\/2026\/04\/Einladung-Ausstellung-Gerhard-Plaschke-8x12.jpg 8w, https:\/\/st-andrae.info\/wp-content\/uploads\/2026\/04\/Einladung-Ausstellung-Gerhard-Plaschke.jpg 1749w\" sizes=\"(max-width: 722px) 100vw, 722px\" \/><\/a><\/figure>\n\r\n        \r\n      \t<\/div>\r\n<\/div>","protected":false},"excerpt":{"rendered":"<p>29. travnja 2026 &#8211; 20. svibnja 2026 @ Ganzt\u00e4gig &#8211; In der Galerie II in St. Andr\u00e4 pr\u00e4sentiert der K\u00fcnstler Gerhard Plaschke eine Auswahl seiner Aquarellarbeiten. Die Ausstellung zeigt eindrucksvolle Werke, die durch ihre Leichtigkeit, Farbintensit\u00e4t und detailreiche Darstellung bestechen. Mit seinen Aquarellen f\u00e4ngt Plaschke unterschiedlichste Stimmungen und Motive ein \u2013 von Landschaften bis hin zu architektonischen Szenen. Die transparente Maltechnik verleiht den Bildern eine &#8230;<\/p>","protected":false},"author":2,"featured_media":0,"template":"","class_list":["post-11954","event","type-event","status-publish","hentry","event-categories-allgemein"],"_links":{"self":[{"href":"https:\/\/st-andrae.info\/hr\/wp-json\/wp\/v2\/event\/11954","targetHints":{"allow":["GET"]}}],"collection":[{"href":"https:\/\/st-andrae.info\/hr\/wp-json\/wp\/v2\/event"}],"about":[{"href":"https:\/\/st-andrae.info\/hr\/wp-json\/wp\/v2\/types\/event"}],"author":[{"embeddable":true,"href":"https:\/\/st-andrae.info\/hr\/wp-json\/wp\/v2\/users\/2"}],"wp:attachment":[{"href":"https:\/\/st-andrae.info\/hr\/wp-json\/wp\/v2\/media?parent=11954"}],"curies":[{"name":"wp","href":"https:\/\/api.w.org\/{rel}","templated":true}]}}

<div class="em em-view-container" id="em-view-2109286664" data-view="event">
	<div class="em-item em-item-single em-event em-event-single em-event-1010" id="em-event-2109286664" data-view-id="2109286664">
		<div class="event_header">

<p class="sixcol">
	<i class="far fa-clock"></i>
	<em>Datum:</em><br/><strong>29. travnja 2026 - 20. svibnja 2026</strong> at <strong>Ganztägig</strong></p>

<p class="sixcol">
	<i class="fas fa-map-marker-alt"></i>
	<em>Ort:</em><br/>
	<strong>Galerie II  </strong>
</p>

</div>
<br style="clear:both" />
        <p>In der Galerie II in St. Andrä präsentiert der Künstler Gerhard Plaschke eine Auswahl seiner Aquarellarbeiten. Die Ausstellung zeigt eindrucksvolle Werke, die durch ihre Leichtigkeit, Farbintensität und detailreiche Darstellung bestechen.</p>
<p>Mit seinen Aquarellen fängt Plaschke unterschiedlichste Stimmungen und Motive ein – von Landschaften bis hin zu architektonischen Szenen. Die transparente Maltechnik verleiht den Bildern eine besondere Tiefe und lädt dazu ein, die Werke aus nächster Nähe zu entdecken.</p>
<p>Die Ausstellung wird von Prof. Harald Raffer eröffnet und musikalisch von der Musikschule Unteres Lavanttal umrahmt. Die Koordination erfolgt durch Dir.-Stv. Walter Schildberger.</p>
<p>Interessierte Besucherinnen und Besucher sind herzlich eingeladen, die Ausstellung während der Öffnungszeiten der Galerie II zu besuchen und sich von der Vielfalt der Aquarellkunst inspirieren zu lassen.</p>
<figure class="wp-block-image size-large is-resized"><a href="https://st-andrae.info/wp-content/uploads/2026/04/Einladung-Ausstellung-Gerhard-Plaschke.jpg"><img fetchpriority="high" decoding="async" width="722" height="1024" src="https://st-andrae.info/wp-content/uploads/2026/04/Einladung-Ausstellung-Gerhard-Plaschke-722x1024.jpg" alt="" class="wp-image-11955" style="width:644px;height:auto" srcset="https://st-andrae.info/wp-content/uploads/2026/04/Einladung-Ausstellung-Gerhard-Plaschke-722x1024.jpg 722w, https://st-andrae.info/wp-content/uploads/2026/04/Einladung-Ausstellung-Gerhard-Plaschke-211x300.jpg 211w, https://st-andrae.info/wp-content/uploads/2026/04/Einladung-Ausstellung-Gerhard-Plaschke-768x1089.jpg 768w, https://st-andrae.info/wp-content/uploads/2026/04/Einladung-Ausstellung-Gerhard-Plaschke-1083x1536.jpg 1083w, https://st-andrae.info/wp-content/uploads/2026/04/Einladung-Ausstellung-Gerhard-Plaschke-1444x2048.jpg 1444w, https://st-andrae.info/wp-content/uploads/2026/04/Einladung-Ausstellung-Gerhard-Plaschke-8x12.jpg 8w, https://st-andrae.info/wp-content/uploads/2026/04/Einladung-Ausstellung-Gerhard-Plaschke.jpg 1749w" sizes="(max-width: 722px) 100vw, 722px" /></a></figure>

        
      	</div>
</div>

<p>29. travnja 2026 &#8211; 20. svibnja 2026 @ Ganztägig &#8211; In der Galerie II in St. Andrä präsentiert der Künstler Gerhard Plaschke eine Auswahl seiner Aquarellarbeiten. Die Ausstellung zeigt eindrucksvolle Werke, die durch ihre Leichtigkeit, Farbintensität und detailreiche Darstellung bestechen. Mit seinen Aquarellen fängt Plaschke unterschiedlichste Stimmungen und Motive ein – von Landschaften bis hin zu architektonischen Szenen. Die transparente Maltechnik verleiht den Bildern eine &#8230;</p>
