{"id":8372,"date":"2022-06-14T11:06:18","date_gmt":"2022-06-14T09:06:18","guid":{"rendered":"https:\/\/dev.alpsware.at\/hp12\/?post_type=event&#038;p=8372"},"modified":"2022-06-27T09:23:58","modified_gmt":"2022-06-27T07:23:58","slug":"ulrici-kirchtag","status":"publish","type":"event","link":"https:\/\/st-andrae.info\/hr\/veranstaltungen\/ulrici-kirchtag\/","title":{"rendered":"ULRICI KIRCHTAG"},"content":{"rendered":"<div class=\"em em-view-container\" id=\"em-view-329861753\" data-view=\"event\">\r\n\t<div class=\"em-item em-item-single em-event em-event-single em-event-464\" id=\"em-event-329861753\" data-view-id=\"329861753\">\r\n\t\t<div class=\"event_header\">\r\n\r\n<p class=\"sixcol\">\r\n\t<i class=\"far fa-clock\"><\/i>\r\n\t<em>Datum:<\/em><br\/><strong>3. srpnja 2022<\/strong> at <strong>9:00<\/strong><\/p>\r\n\r\n<\/div>\r\n<br style=\"clear:both\" \/>\r\n        <p>Die Freiwillige Feuerwehr Eitweg l\u00e4dt herzlich ein<\/p>\n<p>09.00 Uhr    Messe in der Pfarrkirche<\/p>\n<p>10.30 Uhr     Kirchtags-Er\u00f6ffnung<\/p>\n<p>F\u00fcr Musik sorgen &#8220;Die 4 von der Koralm&#8221;<\/p>\n<\/p>\n<p>Ein allf\u00e4lliger Reinerl\u00f6s wird zur Anschaffung von Ger\u00e4ten und Schulungen verwendet. <\/p>\n<div data-wp-interactive=\"core\/file\" class=\"wp-block-file\"><object data-wp-bind--hidden=\"!state.hasPdfPreview\" hidden class=\"wp-block-file__embed\" data=\"https:\/\/st-andrae.info\/wp-content\/uploads\/2022\/06\/Einladung-zum-Ulrici-Kirchtag.pdf\" type=\"application\/pdf\" style=\"width:100%;height:600px\" aria-label=\"Ugra\u0111eno Einbettung von Einladung-zum-Ulrici-Kirchtag..\"><\/object><a id=\"wp-block-file--media-3c8e4f41-7807-48c1-a071-3d819d93b950\" href=\"https:\/\/st-andrae.info\/wp-content\/uploads\/2022\/06\/Einladung-zum-Ulrici-Kirchtag.pdf\">Einladung-zum-Ulrici-Kirchtag<\/a><a href=\"https:\/\/st-andrae.info\/wp-content\/uploads\/2022\/06\/Einladung-zum-Ulrici-Kirchtag.pdf\" class=\"wp-block-file__button\" download aria-describedby=\"wp-block-file--media-3c8e4f41-7807-48c1-a071-3d819d93b950\">Herunterladen<\/a><\/div>\n\r\n        \r\n      \t<\/div>\r\n<\/div>","protected":false},"excerpt":{"rendered":"<p>3. srpnja 2022 @ 9:00 &#8211; Die Freiwillige Feuerwehr Eitweg l\u00e4dt herzlich ein 09.00 Uhr Messe in der Pfarrkirche 10.30 Uhr Kirchtags-Er\u00f6ffnung F\u00fcr Musik sorgen &#8220;Die 4 von der Koralm&#8221; Ein allf\u00e4lliger Reinerl\u00f6s wird zur Anschaffung von Ger\u00e4ten und Schulungen verwendet. Einladung-zum-Ulrici-KirchtagHerunterladen<\/p>","protected":false},"author":2,"featured_media":6347,"template":"","class_list":["post-8372","event","type-event","status-publish","has-post-thumbnail","hentry","event-categories-allgemein"],"_links":{"self":[{"href":"https:\/\/st-andrae.info\/hr\/wp-json\/wp\/v2\/event\/8372","targetHints":{"allow":["GET"]}}],"collection":[{"href":"https:\/\/st-andrae.info\/hr\/wp-json\/wp\/v2\/event"}],"about":[{"href":"https:\/\/st-andrae.info\/hr\/wp-json\/wp\/v2\/types\/event"}],"author":[{"embeddable":true,"href":"https:\/\/st-andrae.info\/hr\/wp-json\/wp\/v2\/users\/2"}],"wp:featuredmedia":[{"embeddable":true,"href":"https:\/\/st-andrae.info\/hr\/wp-json\/wp\/v2\/media\/6347"}],"wp:attachment":[{"href":"https:\/\/st-andrae.info\/hr\/wp-json\/wp\/v2\/media?parent=8372"}],"curies":[{"name":"wp","href":"https:\/\/api.w.org\/{rel}","templated":true}]}}

<div class="em em-view-container" id="em-view-329861753" data-view="event">
	<div class="em-item em-item-single em-event em-event-single em-event-464" id="em-event-329861753" data-view-id="329861753">
		<div class="event_header">

<p class="sixcol">
	<i class="far fa-clock"></i>
	<em>Datum:</em><br/><strong>3. srpnja 2022</strong> at <strong>9:00</strong></p>

</div>
<br style="clear:both" />
        <p>Die Freiwillige Feuerwehr Eitweg lädt herzlich ein</p>
<p>09.00 Uhr    Messe in der Pfarrkirche</p>
<p>10.30 Uhr     Kirchtags-Eröffnung</p>
<p>Für Musik sorgen &#8220;Die 4 von der Koralm&#8221;</p>
</p>
<p>Ein allfälliger Reinerlös wird zur Anschaffung von Geräten und Schulungen verwendet. </p>
<div data-wp-interactive="core/file" class="wp-block-file"><object data-wp-bind--hidden="!state.hasPdfPreview" hidden class="wp-block-file__embed" data="https://st-andrae.info/wp-content/uploads/2022/06/Einladung-zum-Ulrici-Kirchtag.pdf" type="application/pdf" style="width:100%;height:600px" aria-label="Ugrađeno Einbettung von Einladung-zum-Ulrici-Kirchtag.."></object><a id="wp-block-file--media-3c8e4f41-7807-48c1-a071-3d819d93b950" href="https://st-andrae.info/wp-content/uploads/2022/06/Einladung-zum-Ulrici-Kirchtag.pdf">Einladung-zum-Ulrici-Kirchtag</a><a href="https://st-andrae.info/wp-content/uploads/2022/06/Einladung-zum-Ulrici-Kirchtag.pdf" class="wp-block-file__button" download aria-describedby="wp-block-file--media-3c8e4f41-7807-48c1-a071-3d819d93b950">Herunterladen</a></div>

        
      	</div>
</div>

<p>3. srpnja 2022 @ 9:00 &#8211; Die Freiwillige Feuerwehr Eitweg lädt herzlich ein 09.00 Uhr Messe in der Pfarrkirche 10.30 Uhr Kirchtags-Eröffnung Für Musik sorgen &#8220;Die 4 von der Koralm&#8221; Ein allfälliger Reinerlös wird zur Anschaffung von Geräten und Schulungen verwendet. Einladung-zum-Ulrici-KirchtagHerunterladen</p>
