{"id":11917,"date":"2026-04-22T09:51:52","date_gmt":"2026-04-22T07:51:52","guid":{"rendered":"https:\/\/st-andrae.info\/?post_type=event&#038;p=11917"},"modified":"2026-04-23T08:24:56","modified_gmt":"2026-04-23T06:24:56","slug":"don-pasquale-opernsommer-2026","status":"publish","type":"event","link":"https:\/\/st-andrae.info\/it\/veranstaltungen\/don-pasquale-opernsommer-2026\/","title":{"rendered":"&#8220;Don Pasquale&#8221; &#8211; Opernsommer 2026"},"content":{"rendered":"<div class=\"em em-view-container\" id=\"em-view-1704038230\" data-view=\"event\">\r\n\t<div class=\"em-item em-item-single em-event em-event-single em-event-1006\" id=\"em-event-1704038230\" data-view-id=\"1704038230\">\r\n\t\t<div class=\"event_header\">\r\n\r\n<p class=\"sixcol\">\r\n\t<i class=\"far fa-clock\"><\/i>\r\n\t<em>Datum:<\/em><br\/><strong>12. Luglio 2026 - 19. Luglio 2026<\/strong> at <strong>19:30 - 20:30<\/strong><\/p>\r\n\r\n<p class=\"sixcol\">\r\n\t<i class=\"fas fa-map-marker-alt\"><\/i>\r\n\t<em>Ort:<\/em><br\/>\r\n\t<strong>Domkirche St. Andr\u00e4  <\/strong>\r\n<\/p>\r\n\r\n<\/div>\r\n<br style=\"clear:both\" \/>\r\n        <p>Ein kulturelles Highlight erwartet Sie auch heuer wieder beim Opernsommer in St. Andr\u00e4: Im stimmungsvollen Arkadenhof des Domes wird die beliebte komische Oper \u201eDon Pasquale\u201c von Gaetano Donizetti aufgef\u00fchrt.<\/p>\n<p>Die Handlung verspricht beste Unterhaltung: Der wohlhabende, aber bereits in die Jahre gekommene Junggeselle Don Pasquale m\u00f6chte seinen Neffen Ernesto enterben und plant deshalb, selbst zu heiraten. Doch sein Vorhaben wird durch eine listige Intrige des gewitzten Doktor Malatesta durchkreuzt. Mit einer vorget\u00e4uschten Hochzeit und der vermeintlich sch\u00fcchternen \u201eSofronia\u201c \u2013 in Wahrheit Ernestos Geliebte Norina \u2013 nimmt ein turbulentes Verwechslungsspiel seinen Lauf. Aus dem sanften M\u00e4dchen wird nach der Hochzeit pl\u00f6tzlich eine herrschs\u00fcchtige Ehefrau, die Pasquales Leben geh\u00f6rig durcheinanderbringt. Ein humorvoller, schwungvoller Opernabend voller Witz, Emotion und \u00fcberraschender Wendungen ist garantiert.<\/p>\n<p><strong>Termine:<\/strong> <br \/>10. Juli 2026, 19:30 Uhr (Premiere)<br \/>12. Juli 2026, 19:30 Uhr<br \/>16. Juli 2026, 19:30 Uhr<br \/>18. Juli 2026, 19:30 Uhr<br \/>19. Juli 2026, 19:30 Uhr<\/p>\n<p><strong>Ort:<\/strong> Arkadenhof des Domes St. Andr\u00e4 (bei Schlechtwetter im Dom)<\/p>\n<p><strong>Eintrittspreise:<\/strong><br \/>Regul\u00e4r: \u20ac 28,\u2013<br \/>Studenten\/Jugendliche: \u20ac 18,\u2013<br \/>Sch\u00fcler: \u20ac 5,\u2013<\/p>\n<p><strong>Tickets:<\/strong><br \/><a href=\"https:\/\/www.kaernten.live\/gastgeber\/opernsommer\">Opernsommer St. Andr\u00e4 | Karten kaufen | Kaernten.Live Ticketportal<\/a><\/p>\n<p>Ein Abend voller Musik, Humor und einzigartiger Atmosph\u00e4re \u2013 lassen Sie sich dieses kulturelle Highlight in St. Andr\u00e4 nicht entgehen!<\/p>\n<div data-wp-interactive=\"core\/file\" class=\"wp-block-file\"><object data-wp-bind--hidden=\"!state.hasPdfPreview\" hidden class=\"wp-block-file__embed\" data=\"https:\/\/st-andrae.info\/wp-content\/uploads\/2026\/04\/Don-Pasquale-Pressetext.pdf\" type=\"application\/pdf\" style=\"width:100%;height:600px\" aria-label=\"Incorporamento di Don Pasquale Pressetext.\"><\/object><a id=\"wp-block-file--media-6beaa78c-b9fe-4d70-a7d3-7b1824094221\" href=\"https:\/\/st-andrae.info\/wp-content\/uploads\/2026\/04\/Don-Pasquale-Pressetext.pdf\">Don Pasquale Pressetext<\/a><a href=\"https:\/\/st-andrae.info\/wp-content\/uploads\/2026\/04\/Don-Pasquale-Pressetext.pdf\" class=\"wp-block-file__button wp-element-button\" download aria-describedby=\"wp-block-file--media-6beaa78c-b9fe-4d70-a7d3-7b1824094221\">Herunterladen<\/a><\/div>\n<figure class=\"wp-block-image size-large is-resized\"><a href=\"https:\/\/st-andrae.info\/wp-content\/uploads\/2026\/04\/519423563_122130687260818989_1390428014565843263_n.jpg\"><img fetchpriority=\"high\" decoding=\"async\" width=\"1024\" height=\"577\" src=\"https:\/\/st-andrae.info\/wp-content\/uploads\/2026\/04\/519423563_122130687260818989_1390428014565843263_n-1024x577.jpg\" alt=\"\" class=\"wp-image-11923\" style=\"aspect-ratio:1.774726000264096;width:772px;height:auto\" srcset=\"https:\/\/st-andrae.info\/wp-content\/uploads\/2026\/04\/519423563_122130687260818989_1390428014565843263_n-1024x577.jpg 1024w, https:\/\/st-andrae.info\/wp-content\/uploads\/2026\/04\/519423563_122130687260818989_1390428014565843263_n-300x169.jpg 300w, https:\/\/st-andrae.info\/wp-content\/uploads\/2026\/04\/519423563_122130687260818989_1390428014565843263_n-768x433.jpg 768w, https:\/\/st-andrae.info\/wp-content\/uploads\/2026\/04\/519423563_122130687260818989_1390428014565843263_n-1536x865.jpg 1536w, https:\/\/st-andrae.info\/wp-content\/uploads\/2026\/04\/519423563_122130687260818989_1390428014565843263_n-18x10.jpg 18w, https:\/\/st-andrae.info\/wp-content\/uploads\/2026\/04\/519423563_122130687260818989_1390428014565843263_n.jpg 1972w\" sizes=\"(max-width: 1024px) 100vw, 1024px\" \/><\/a><\/figure>\n<figure class=\"wp-block-image size-large is-resized\"><a href=\"https:\/\/st-andrae.info\/wp-content\/uploads\/2026\/04\/3.jpg\"><img decoding=\"async\" width=\"683\" height=\"1024\" src=\"https:\/\/st-andrae.info\/wp-content\/uploads\/2026\/04\/3-683x1024.jpg\" alt=\"\" class=\"wp-image-11924\" style=\"width:486px;height:auto\" srcset=\"https:\/\/st-andrae.info\/wp-content\/uploads\/2026\/04\/3-683x1024.jpg 683w, https:\/\/st-andrae.info\/wp-content\/uploads\/2026\/04\/3-200x300.jpg 200w, https:\/\/st-andrae.info\/wp-content\/uploads\/2026\/04\/3-768x1152.jpg 768w, https:\/\/st-andrae.info\/wp-content\/uploads\/2026\/04\/3-1024x1536.jpg 1024w, https:\/\/st-andrae.info\/wp-content\/uploads\/2026\/04\/3-8x12.jpg 8w, https:\/\/st-andrae.info\/wp-content\/uploads\/2026\/04\/3.jpg 1365w\" sizes=\"(max-width: 683px) 100vw, 683px\" \/><\/a><\/figure>\n\r\n        \r\n      \t<\/div>\r\n<\/div>","protected":false},"excerpt":{"rendered":"<p>12. Luglio 2026 &#8211; 19. Luglio 2026 @ 19:30 &#8211; 20:30 &#8211; Ein kulturelles Highlight erwartet Sie auch heuer wieder beim Opernsommer in St. Andr\u00e4: Im stimmungsvollen Arkadenhof des Domes wird die beliebte komische Oper \u201eDon Pasquale\u201c von Gaetano Donizetti aufgef\u00fchrt. Die Handlung verspricht beste Unterhaltung: Der wohlhabende, aber bereits in die Jahre gekommene Junggeselle Don Pasquale m\u00f6chte seinen Neffen Ernesto enterben und plant deshalb, selbst zu &#8230;<\/p>","protected":false},"author":2,"featured_media":0,"template":"","class_list":["post-11917","event","type-event","status-publish","hentry","event-categories-allgemein"],"_links":{"self":[{"href":"https:\/\/st-andrae.info\/it\/wp-json\/wp\/v2\/event\/11917","targetHints":{"allow":["GET"]}}],"collection":[{"href":"https:\/\/st-andrae.info\/it\/wp-json\/wp\/v2\/event"}],"about":[{"href":"https:\/\/st-andrae.info\/it\/wp-json\/wp\/v2\/types\/event"}],"author":[{"embeddable":true,"href":"https:\/\/st-andrae.info\/it\/wp-json\/wp\/v2\/users\/2"}],"wp:attachment":[{"href":"https:\/\/st-andrae.info\/it\/wp-json\/wp\/v2\/media?parent=11917"}],"curies":[{"name":"wp","href":"https:\/\/api.w.org\/{rel}","templated":true}]}}

<div class="em em-view-container" id="em-view-1704038230" data-view="event">
	<div class="em-item em-item-single em-event em-event-single em-event-1006" id="em-event-1704038230" data-view-id="1704038230">
		<div class="event_header">

<p class="sixcol">
	<i class="far fa-clock"></i>
	<em>Datum:</em><br/><strong>12. Luglio 2026 - 19. Luglio 2026</strong> at <strong>19:30 - 20:30</strong></p>

<p class="sixcol">
	<i class="fas fa-map-marker-alt"></i>
	<em>Ort:</em><br/>
	<strong>Domkirche St. Andrä  </strong>
</p>

</div>
<br style="clear:both" />
        <p>Ein kulturelles Highlight erwartet Sie auch heuer wieder beim Opernsommer in St. Andrä: Im stimmungsvollen Arkadenhof des Domes wird die beliebte komische Oper „Don Pasquale“ von Gaetano Donizetti aufgeführt.</p>
<p>Die Handlung verspricht beste Unterhaltung: Der wohlhabende, aber bereits in die Jahre gekommene Junggeselle Don Pasquale möchte seinen Neffen Ernesto enterben und plant deshalb, selbst zu heiraten. Doch sein Vorhaben wird durch eine listige Intrige des gewitzten Doktor Malatesta durchkreuzt. Mit einer vorgetäuschten Hochzeit und der vermeintlich schüchternen „Sofronia“ – in Wahrheit Ernestos Geliebte Norina – nimmt ein turbulentes Verwechslungsspiel seinen Lauf. Aus dem sanften Mädchen wird nach der Hochzeit plötzlich eine herrschsüchtige Ehefrau, die Pasquales Leben gehörig durcheinanderbringt. Ein humorvoller, schwungvoller Opernabend voller Witz, Emotion und überraschender Wendungen ist garantiert.</p>
<p><strong>Termine:</strong> <br />10. Juli 2026, 19:30 Uhr (Premiere)<br />12. Juli 2026, 19:30 Uhr<br />16. Juli 2026, 19:30 Uhr<br />18. Juli 2026, 19:30 Uhr<br />19. Juli 2026, 19:30 Uhr</p>
<p><strong>Ort:</strong> Arkadenhof des Domes St. Andrä (bei Schlechtwetter im Dom)</p>
<p><strong>Eintrittspreise:</strong><br />Regulär: € 28,–<br />Studenten/Jugendliche: € 18,–<br />Schüler: € 5,–</p>
<p><strong>Tickets:</strong><br /><a href="https://www.kaernten.live/gastgeber/opernsommer">Opernsommer St. Andrä | Karten kaufen | Kaernten.Live Ticketportal</a></p>
<p>Ein Abend voller Musik, Humor und einzigartiger Atmosphäre – lassen Sie sich dieses kulturelle Highlight in St. Andrä nicht entgehen!</p>
<div data-wp-interactive="core/file" class="wp-block-file"><object data-wp-bind--hidden="!state.hasPdfPreview" hidden class="wp-block-file__embed" data="https://st-andrae.info/wp-content/uploads/2026/04/Don-Pasquale-Pressetext.pdf" type="application/pdf" style="width:100%;height:600px" aria-label="Incorporamento di Don Pasquale Pressetext."></object><a id="wp-block-file--media-6beaa78c-b9fe-4d70-a7d3-7b1824094221" href="https://st-andrae.info/wp-content/uploads/2026/04/Don-Pasquale-Pressetext.pdf">Don Pasquale Pressetext</a><a href="https://st-andrae.info/wp-content/uploads/2026/04/Don-Pasquale-Pressetext.pdf" class="wp-block-file__button wp-element-button" download aria-describedby="wp-block-file--media-6beaa78c-b9fe-4d70-a7d3-7b1824094221">Herunterladen</a></div>
<figure class="wp-block-image size-large is-resized"><a href="https://st-andrae.info/wp-content/uploads/2026/04/519423563_122130687260818989_1390428014565843263_n.jpg"><img fetchpriority="high" decoding="async" width="1024" height="577" src="https://st-andrae.info/wp-content/uploads/2026/04/519423563_122130687260818989_1390428014565843263_n-1024x577.jpg" alt="" class="wp-image-11923" style="aspect-ratio:1.774726000264096;width:772px;height:auto" srcset="https://st-andrae.info/wp-content/uploads/2026/04/519423563_122130687260818989_1390428014565843263_n-1024x577.jpg 1024w, https://st-andrae.info/wp-content/uploads/2026/04/519423563_122130687260818989_1390428014565843263_n-300x169.jpg 300w, https://st-andrae.info/wp-content/uploads/2026/04/519423563_122130687260818989_1390428014565843263_n-768x433.jpg 768w, https://st-andrae.info/wp-content/uploads/2026/04/519423563_122130687260818989_1390428014565843263_n-1536x865.jpg 1536w, https://st-andrae.info/wp-content/uploads/2026/04/519423563_122130687260818989_1390428014565843263_n-18x10.jpg 18w, https://st-andrae.info/wp-content/uploads/2026/04/519423563_122130687260818989_1390428014565843263_n.jpg 1972w" sizes="(max-width: 1024px) 100vw, 1024px" /></a></figure>
<figure class="wp-block-image size-large is-resized"><a href="https://st-andrae.info/wp-content/uploads/2026/04/3.jpg"><img decoding="async" width="683" height="1024" src="https://st-andrae.info/wp-content/uploads/2026/04/3-683x1024.jpg" alt="" class="wp-image-11924" style="width:486px;height:auto" srcset="https://st-andrae.info/wp-content/uploads/2026/04/3-683x1024.jpg 683w, https://st-andrae.info/wp-content/uploads/2026/04/3-200x300.jpg 200w, https://st-andrae.info/wp-content/uploads/2026/04/3-768x1152.jpg 768w, https://st-andrae.info/wp-content/uploads/2026/04/3-1024x1536.jpg 1024w, https://st-andrae.info/wp-content/uploads/2026/04/3-8x12.jpg 8w, https://st-andrae.info/wp-content/uploads/2026/04/3.jpg 1365w" sizes="(max-width: 683px) 100vw, 683px" /></a></figure>

        
      	</div>
</div>

<p>12. Luglio 2026 &#8211; 19. Luglio 2026 @ 19:30 &#8211; 20:30 &#8211; Ein kulturelles Highlight erwartet Sie auch heuer wieder beim Opernsommer in St. Andrä: Im stimmungsvollen Arkadenhof des Domes wird die beliebte komische Oper „Don Pasquale“ von Gaetano Donizetti aufgeführt. Die Handlung verspricht beste Unterhaltung: Der wohlhabende, aber bereits in die Jahre gekommene Junggeselle Don Pasquale möchte seinen Neffen Ernesto enterben und plant deshalb, selbst zu &#8230;</p>
