{"id":8089,"date":"2022-05-05T22:57:18","date_gmt":"2022-05-05T20:57:18","guid":{"rendered":"https:\/\/dev.alpsware.at\/hp12\/?post_type=event&#038;p=8089"},"modified":"2022-05-05T23:20:37","modified_gmt":"2022-05-05T21:20:37","slug":"virtuelle-lesung-andrea-nagele-grado-im-licht","status":"publish","type":"event","link":"https:\/\/st-andrae.info\/it\/veranstaltungen\/virtuelle-lesung-andrea-nagele-grado-im-licht\/","title":{"rendered":"Virtuelle Lesung Andrea Nagele &#8211; Grado im Licht"},"content":{"rendered":"<div class=\"em em-view-container\" id=\"em-view-1325212589\" data-view=\"event\">\r\n\t<div class=\"em-item em-item-single em-event em-event-single em-event-426\" id=\"em-event-1325212589\" data-view-id=\"1325212589\">\r\n\t\t<div class=\"event_header\">\r\n\r\n<p class=\"sixcol\">\r\n\t<i class=\"far fa-clock\"><\/i>\r\n\t<em>Datum:<\/em><br\/><strong>24. Febbraio 2022<\/strong> at <strong>18:30<\/strong><\/p>\r\n\r\n<p class=\"sixcol\">\r\n\t<i class=\"fas fa-map-marker-alt\"><\/i>\r\n\t<em>Ort:<\/em><br\/>\r\n\t<strong>  <a href=\"https:\/\/www.youtube.com\/watch?v=tv1fWuHgxtI\" target=\"_blank\">Online nachschauen<\/a><\/strong>\r\n<\/p>\r\n\r\n<\/div>\r\n<br style=\"clear:both\" \/>\r\n        <figure class=\"wp-block-image size-large\"><img fetchpriority=\"high\" decoding=\"async\" width=\"1024\" height=\"489\" src=\"https:\/\/st-andrae.info\/wp-content\/uploads\/2022\/05\/andreanagele-1024x489.jpg\" alt=\"\" class=\"wp-image-8090\" srcset=\"https:\/\/st-andrae.info\/wp-content\/uploads\/2022\/05\/andreanagele-1024x489.jpg 1024w, https:\/\/st-andrae.info\/wp-content\/uploads\/2022\/05\/andreanagele-300x143.jpg 300w, https:\/\/st-andrae.info\/wp-content\/uploads\/2022\/05\/andreanagele-768x367.jpg 768w, https:\/\/st-andrae.info\/wp-content\/uploads\/2022\/05\/andreanagele-1536x734.jpg 1536w, https:\/\/st-andrae.info\/wp-content\/uploads\/2022\/05\/andreanagele.jpg 1580w\" sizes=\"(max-width: 1024px) 100vw, 1024px\" \/><\/figure>\n<p><strong>Der erste Fall f\u00fcr Maddalena Degrassi<\/strong><\/p>\n<p>Andrea Nagele<\/p>\n<p><strong>Grado im Licht<\/strong><\/p>\n<p>Ein Adria Krimi<\/p>\n<p>Ganz Grado genie\u00dft das herrliche Sommerwetter, da ersch\u00fcttert ein mysteri\u00f6ser Fall die Lagunenstadt: Am Strand verschwindet vor den Augen der badenden G\u00e4ste ein junges M\u00e4dchen. F\u00fcr Maddalena Degrassi, frischgebackene Commissaria und als einzige Frau im Team von ihren m\u00e4nnlichen Kollegen misstrauisch be\u00e4ugt, beginnt ein Wettlauf gegen die Zeit, der sie auf eine harte Probe stellt. In der Lagunenstadt verschwindet ein neunj\u00e4hriges Kind. Die Grado-Krimis um die Commissaria Maddalena Degrassi der Klagenfurter Autorin Andrea Nagele sind Kult und die Fans der Reihe warten stets sehns\u00fcchtig auf den neuen Band. Sechs Romane um die begnadete Ermittlerin sind bereits erschienen. In \u00bbGrado im Licht\u00ab widmet sich Andrea Nagele nun den Anfangstagen von Degrassis Polizeikarriere. In ihrem ersten Fall wird die frischgebackene Commissaria direkt auf eine harte Probe gestellt: In Grado wird ein neunj\u00e4hriges M\u00e4dchen vermisst, das mit seinen Eltern seinen Urlaub an der Adria verbringen wollte. Die ganze Lagunenstadt sucht fieberhaft nach dem verschwundenen Kind und die noch unerfahrene Degrassi st\u00f6\u00dft bald an ihre Grenzen \u2013 hat sie doch neben dem Fall auch noch mit einer Reihe privater Probleme zu k\u00e4mpfen. Aber wer die unerschrockene Ermittlerin bereits kennt, wei\u00df, dass Aufgeben f\u00fcr sie nicht infrage kommt. In einem atemberaubenden Spannungsbogen f\u00fchrt Andrea Nagele ihre Leserinnen und Leser durch die Geschehnisse. Der dramatische Plot beleuchtet dabei die verschiedenen Figuren, Stimmungen und Perspektiven und gibt den handelnden Personen viel Raum. Ein psychologisch vielschichtiger Roman, der mit den unz\u00e4hligen Variationen und F\u00e4rbungen der menschlichen Seele eng vertraut ist und zeigt, wie bisweilen das Verbrechen fast notwendig entsteht, wenn sich die falschen Menschen zur falschen Zeit begegnen.<\/p>\n<p>Andrea Nagele leitete \u00fcber ein Jahrzehnt ein psychotherapeutisches Ambulatorium. Heute arbeitet sie als Autorin und betreibt in Klagenfurt eine psychotherapeutische Praxis. Sie pendelt zwischen Klagenfurt am W\u00f6rthersee, Grado und Berlin.<\/p>\n<p><strong>Andrea Nagele<\/strong><\/p>\n<p><strong>Grado im Licht<\/strong><\/p>\n<p>Ein Adria Krimi<\/p>\n<p>Broschur<\/p>\n<p>K\u00f6ln: Emons Verlag 2022<\/p>\n<p>Originalausgabe<\/p>\n<p>ISBN 978-3-7408-1271-3<\/p>\n<p>272 Seiten<\/p>\n<p>\u20ac [D] 13,00 \u20ac [A] 13,40<\/p>\n<p>Auch als E-Book erh\u00e4ltlich<\/p>\n<p>Kontakt: Emons Verlag Presseabteilung: Britta Schmitz, Dominic Hettgen, Leslie Schmidt und Gudrun Stegemann<\/p>\n<p>+49 221 56977-0; <a href=\"mailto:schmitz@emons-verlag.de\">schmitz@emons-verlag.de<\/a> (DW 141), <a href=\"mailto:hettgen@emons-verlag.de\">hettgen@emons-verlag.de<\/a> (DW 142),<\/p>\n<p><a href=\"mailto:schmidt@emons-verlag.de\">schmidt@emons-verlag.de<\/a> (DW 143), <a href=\"mailto:stegemann@emons-verlag.de\">stegemann@emons-verlag.de<\/a> (DW 145)<\/p>\n\r\n        \r\n      \t<\/div>\r\n<\/div>\r\n\t","protected":false},"excerpt":{"rendered":"<p>24. Febbraio 2022 @ 18:30 &#8211; Der erste Fall f\u00fcr Maddalena Degrassi Andrea Nagele Grado im Licht Ein Adria Krimi Ganz Grado genie\u00dft das herrliche Sommerwetter, da ersch\u00fcttert ein mysteri\u00f6ser Fall die Lagunenstadt: Am Strand verschwindet vor den Augen der badenden G\u00e4ste ein junges M\u00e4dchen. F\u00fcr Maddalena Degrassi, frischgebackene Commissaria und als einzige Frau im Team von ihren m\u00e4nnlichen Kollegen misstrauisch &#8230;<\/p>","protected":false},"author":1,"featured_media":8090,"template":"","class_list":["post-8089","event","type-event","status-publish","has-post-thumbnail","hentry","event-categories-lesungen"],"_links":{"self":[{"href":"https:\/\/st-andrae.info\/it\/wp-json\/wp\/v2\/event\/8089","targetHints":{"allow":["GET"]}}],"collection":[{"href":"https:\/\/st-andrae.info\/it\/wp-json\/wp\/v2\/event"}],"about":[{"href":"https:\/\/st-andrae.info\/it\/wp-json\/wp\/v2\/types\/event"}],"author":[{"embeddable":true,"href":"https:\/\/st-andrae.info\/it\/wp-json\/wp\/v2\/users\/1"}],"wp:featuredmedia":[{"embeddable":true,"href":"https:\/\/st-andrae.info\/it\/wp-json\/wp\/v2\/media\/8090"}],"wp:attachment":[{"href":"https:\/\/st-andrae.info\/it\/wp-json\/wp\/v2\/media?parent=8089"}],"curies":[{"name":"wp","href":"https:\/\/api.w.org\/{rel}","templated":true}]}}

<div class="em em-view-container" id="em-view-1325212589" data-view="event">
	<div class="em-item em-item-single em-event em-event-single em-event-426" id="em-event-1325212589" data-view-id="1325212589">
		<div class="event_header">

<p class="sixcol">
	<i class="far fa-clock"></i>
	<em>Datum:</em><br/><strong>24. Febbraio 2022</strong> at <strong>18:30</strong></p>

<p class="sixcol">
	<i class="fas fa-map-marker-alt"></i>
	<em>Ort:</em><br/>
	<strong>  <a href="https://www.youtube.com/watch?v=tv1fWuHgxtI" target="_blank">Online nachschauen</a></strong>
</p>

</div>
<br style="clear:both" />
        <figure class="wp-block-image size-large"><img fetchpriority="high" decoding="async" width="1024" height="489" src="https://st-andrae.info/wp-content/uploads/2022/05/andreanagele-1024x489.jpg" alt="" class="wp-image-8090" srcset="https://st-andrae.info/wp-content/uploads/2022/05/andreanagele-1024x489.jpg 1024w, https://st-andrae.info/wp-content/uploads/2022/05/andreanagele-300x143.jpg 300w, https://st-andrae.info/wp-content/uploads/2022/05/andreanagele-768x367.jpg 768w, https://st-andrae.info/wp-content/uploads/2022/05/andreanagele-1536x734.jpg 1536w, https://st-andrae.info/wp-content/uploads/2022/05/andreanagele.jpg 1580w" sizes="(max-width: 1024px) 100vw, 1024px" /></figure>
<p><strong>Der erste Fall für Maddalena Degrassi</strong></p>
<p>Andrea Nagele</p>
<p><strong>Grado im Licht</strong></p>
<p>Ein Adria Krimi</p>
<p>Ganz Grado genießt das herrliche Sommerwetter, da erschüttert ein mysteriöser Fall die Lagunenstadt: Am Strand verschwindet vor den Augen der badenden Gäste ein junges Mädchen. Für Maddalena Degrassi, frischgebackene Commissaria und als einzige Frau im Team von ihren männlichen Kollegen misstrauisch beäugt, beginnt ein Wettlauf gegen die Zeit, der sie auf eine harte Probe stellt. In der Lagunenstadt verschwindet ein neunjähriges Kind. Die Grado-Krimis um die Commissaria Maddalena Degrassi der Klagenfurter Autorin Andrea Nagele sind Kult und die Fans der Reihe warten stets sehnsüchtig auf den neuen Band. Sechs Romane um die begnadete Ermittlerin sind bereits erschienen. In »Grado im Licht« widmet sich Andrea Nagele nun den Anfangstagen von Degrassis Polizeikarriere. In ihrem ersten Fall wird die frischgebackene Commissaria direkt auf eine harte Probe gestellt: In Grado wird ein neunjähriges Mädchen vermisst, das mit seinen Eltern seinen Urlaub an der Adria verbringen wollte. Die ganze Lagunenstadt sucht fieberhaft nach dem verschwundenen Kind und die noch unerfahrene Degrassi stößt bald an ihre Grenzen – hat sie doch neben dem Fall auch noch mit einer Reihe privater Probleme zu kämpfen. Aber wer die unerschrockene Ermittlerin bereits kennt, weiß, dass Aufgeben für sie nicht infrage kommt. In einem atemberaubenden Spannungsbogen führt Andrea Nagele ihre Leserinnen und Leser durch die Geschehnisse. Der dramatische Plot beleuchtet dabei die verschiedenen Figuren, Stimmungen und Perspektiven und gibt den handelnden Personen viel Raum. Ein psychologisch vielschichtiger Roman, der mit den unzähligen Variationen und Färbungen der menschlichen Seele eng vertraut ist und zeigt, wie bisweilen das Verbrechen fast notwendig entsteht, wenn sich die falschen Menschen zur falschen Zeit begegnen.</p>
<p>Andrea Nagele leitete über ein Jahrzehnt ein psychotherapeutisches Ambulatorium. Heute arbeitet sie als Autorin und betreibt in Klagenfurt eine psychotherapeutische Praxis. Sie pendelt zwischen Klagenfurt am Wörthersee, Grado und Berlin.</p>
<p><strong>Andrea Nagele</strong></p>
<p><strong>Grado im Licht</strong></p>
<p>Ein Adria Krimi</p>
<p>Broschur</p>
<p>Köln: Emons Verlag 2022</p>
<p>Originalausgabe</p>
<p>ISBN 978-3-7408-1271-3</p>
<p>272 Seiten</p>
<p>€ [D] 13,00 € [A] 13,40</p>
<p>Auch als E-Book erhältlich</p>
<p>Kontakt: Emons Verlag Presseabteilung: Britta Schmitz, Dominic Hettgen, Leslie Schmidt und Gudrun Stegemann</p>
<p>+49 221 56977-0; <a href="mailto:schmitz@emons-verlag.de">schmitz@emons-verlag.de</a> (DW 141), <a href="mailto:hettgen@emons-verlag.de">hettgen@emons-verlag.de</a> (DW 142),</p>
<p><a href="mailto:schmidt@emons-verlag.de">schmidt@emons-verlag.de</a> (DW 143), <a href="mailto:stegemann@emons-verlag.de">stegemann@emons-verlag.de</a> (DW 145)</p>

        
      	</div>
</div>

<p>24. Febbraio 2022 @ 18:30 &#8211; Der erste Fall für Maddalena Degrassi Andrea Nagele Grado im Licht Ein Adria Krimi Ganz Grado genießt das herrliche Sommerwetter, da erschüttert ein mysteriöser Fall die Lagunenstadt: Am Strand verschwindet vor den Augen der badenden Gäste ein junges Mädchen. Für Maddalena Degrassi, frischgebackene Commissaria und als einzige Frau im Team von ihren männlichen Kollegen misstrauisch &#8230;</p>
