{"id":11154,"date":"2025-08-07T08:36:46","date_gmt":"2025-08-07T06:36:46","guid":{"rendered":"https:\/\/st-andrae.info\/?post_type=event&#038;p=11154"},"modified":"2025-08-11T08:03:48","modified_gmt":"2025-08-11T06:03:48","slug":"ausstellung-ilse-menschnick-hartlieb","status":"publish","type":"event","link":"https:\/\/st-andrae.info\/sl\/veranstaltungen\/ausstellung-ilse-menschnick-hartlieb\/","title":{"rendered":"Ausstellung Ilse Menschnick-Hartlieb"},"content":{"rendered":"<div class=\"em em-view-container\" id=\"em-view-561532416\" data-view=\"event\">\r\n\t<div class=\"em-item em-item-single em-event em-event-single em-event-920\" id=\"em-event-561532416\" data-view-id=\"561532416\">\r\n\t\t<div class=\"event_header\">\r\n\r\n<p class=\"sixcol\">\r\n\t<i class=\"far fa-clock\"><\/i>\r\n\t<em>Datum:<\/em><br\/><strong>22. avgusta 2025 - 4. oktobra 2025<\/strong> at <strong>Ganzt\u00e4gig<\/strong><\/p>\r\n\r\n<p class=\"sixcol\">\r\n\t<i class=\"fas fa-map-marker-alt\"><\/i>\r\n\t<em>Ort:<\/em><br\/>\r\n\t<strong>Galerie II  <\/strong>\r\n<\/p>\r\n\r\n<\/div>\r\n<br style=\"clear:both\" \/>\r\n        <p>Weitere Informationen zu laufenden Ausstellung folgen.<\/p>\n<p>Ausstellungsdauer: 22. August bis 04. Oktober<br \/>\u00d6ffnungszeiten: Di. \u2013 Fr. 09:00 bis 18:00 und Sa. 09:00 bis 12:00<br \/>Eintritt: kostenlos<\/p>\n<p><strong>Ilse Menschick-Hartlieb<\/strong><\/p>\n<p>Ilse Menschick-Hartlieb, geboren 1954 in Oberk\u00e4rnten, zeichnet und malt seit mehr als 25 Jahren. Sie lebt und arbeitet in Klagenfurt und ist seit 2024 Mitglied beim Kunstverein K\u00e4rnten und seit 2017 bei den Vereinen kultur.im.puls Seeboden und kunst&amp;co Millstatt.<\/p>\n<p>Als promovierte Biologin sind ihre bevorzugten Themen die reduzierte Darstellung von&nbsp; Mensch, Tier und Natur, die sie vor allem in grafische Arbeiten umsetzt. Neben Zeichnungen und Acrylbildern widmet sie sich vor allem dem Holzschnitt, in j\u00fcngster Zeit auch der Radierung und Lithographie.<\/p>\n<p>\u201eMeine Kunst ist eine Reflexion meiner Reisen, meiner langj\u00e4hrigen Leidenschaft f\u00fcr das Zeichnen und Malen, meiner Offenheit f\u00fcr kreative Experimente und meiner st\u00e4ndigen Suche nach einer immer tiefgr\u00fcndigeren und reduzierten Darstellung.\u201c<\/p>\n<p><strong>Meinhard Taumberger<\/strong><\/p>\n<p>Seit 1984 k\u00fcnstlerisch t\u00e4tig.<\/p>\n<p>In dieser Zeit habe ich mich, neben der Malerei, mit verschiedenen Techniken auseinandergesetzt \u2013 Holzschnitt, Radierung und Lithografie.<\/p>\n<p>Zurzeit besch\u00e4ftige ich mich intensiv mit Metallschnitt. Dabei faszinieren mich die Spontanit\u00e4t des Schaffens, sowie die M\u00f6glichkeiten des vielf\u00e4ltigen Gestaltens der Fl\u00e4chenstrukturen.<\/p>\n<p><strong>Wir freuen uns auf Ihren Besuch!<\/strong><\/p>\n<figure class=\"wp-block-image size-large\"><a href=\"https:\/\/st-andrae.info\/wp-content\/uploads\/2025\/08\/2025-E2-Menschik-Hartlieb-Taumberger-.jpg\"><img fetchpriority=\"high\" decoding=\"async\" width=\"1024\" height=\"495\" src=\"https:\/\/st-andrae.info\/wp-content\/uploads\/2025\/08\/2025-E2-Menschik-Hartlieb-Taumberger--1024x495.jpg\" alt=\"\" class=\"wp-image-11164\" srcset=\"https:\/\/st-andrae.info\/wp-content\/uploads\/2025\/08\/2025-E2-Menschik-Hartlieb-Taumberger--1024x495.jpg 1024w, https:\/\/st-andrae.info\/wp-content\/uploads\/2025\/08\/2025-E2-Menschik-Hartlieb-Taumberger--300x145.jpg 300w, https:\/\/st-andrae.info\/wp-content\/uploads\/2025\/08\/2025-E2-Menschik-Hartlieb-Taumberger--768x371.jpg 768w, https:\/\/st-andrae.info\/wp-content\/uploads\/2025\/08\/2025-E2-Menschik-Hartlieb-Taumberger--1536x743.jpg 1536w, https:\/\/st-andrae.info\/wp-content\/uploads\/2025\/08\/2025-E2-Menschik-Hartlieb-Taumberger--2048x991.jpg 2048w, https:\/\/st-andrae.info\/wp-content\/uploads\/2025\/08\/2025-E2-Menschik-Hartlieb-Taumberger--18x9.jpg 18w\" sizes=\"(max-width: 1024px) 100vw, 1024px\" \/><\/a><\/figure>\n\r\n        \r\n      \t<\/div>\r\n<\/div>","protected":false},"excerpt":{"rendered":"<p>22. avgusta 2025 &#8211; 4. oktobra 2025 @ Ganzt\u00e4gig &#8211; Weitere Informationen zu laufenden Ausstellung folgen. Ausstellungsdauer: 22. August bis 04. Oktober\u00d6ffnungszeiten: Di. \u2013 Fr. 09:00 bis 18:00 und Sa. 09:00 bis 12:00Eintritt: kostenlos Ilse Menschick-Hartlieb Ilse Menschick-Hartlieb, geboren 1954 in Oberk\u00e4rnten, zeichnet und malt seit mehr als 25 Jahren. Sie lebt und arbeitet in Klagenfurt und ist seit 2024 Mitglied beim Kunstverein K\u00e4rnten und &#8230;<\/p>","protected":false},"author":2,"featured_media":0,"template":"","class_list":["post-11154","event","type-event","status-publish","hentry","event-categories-allgemein"],"_links":{"self":[{"href":"https:\/\/st-andrae.info\/sl\/wp-json\/wp\/v2\/event\/11154","targetHints":{"allow":["GET"]}}],"collection":[{"href":"https:\/\/st-andrae.info\/sl\/wp-json\/wp\/v2\/event"}],"about":[{"href":"https:\/\/st-andrae.info\/sl\/wp-json\/wp\/v2\/types\/event"}],"author":[{"embeddable":true,"href":"https:\/\/st-andrae.info\/sl\/wp-json\/wp\/v2\/users\/2"}],"wp:attachment":[{"href":"https:\/\/st-andrae.info\/sl\/wp-json\/wp\/v2\/media?parent=11154"}],"curies":[{"name":"wp","href":"https:\/\/api.w.org\/{rel}","templated":true}]}}

<div class="em em-view-container" id="em-view-561532416" data-view="event">
	<div class="em-item em-item-single em-event em-event-single em-event-920" id="em-event-561532416" data-view-id="561532416">
		<div class="event_header">

<p class="sixcol">
	<i class="far fa-clock"></i>
	<em>Datum:</em><br/><strong>22. avgusta 2025 - 4. oktobra 2025</strong> at <strong>Ganztägig</strong></p>

<p class="sixcol">
	<i class="fas fa-map-marker-alt"></i>
	<em>Ort:</em><br/>
	<strong>Galerie II  </strong>
</p>

</div>
<br style="clear:both" />
        <p>Weitere Informationen zu laufenden Ausstellung folgen.</p>
<p>Ausstellungsdauer: 22. August bis 04. Oktober<br />Öffnungszeiten: Di. – Fr. 09:00 bis 18:00 und Sa. 09:00 bis 12:00<br />Eintritt: kostenlos</p>
<p><strong>Ilse Menschick-Hartlieb</strong></p>
<p>Ilse Menschick-Hartlieb, geboren 1954 in Oberkärnten, zeichnet und malt seit mehr als 25 Jahren. Sie lebt und arbeitet in Klagenfurt und ist seit 2024 Mitglied beim Kunstverein Kärnten und seit 2017 bei den Vereinen kultur.im.puls Seeboden und kunst&amp;co Millstatt.</p>
<p>Als promovierte Biologin sind ihre bevorzugten Themen die reduzierte Darstellung von&nbsp; Mensch, Tier und Natur, die sie vor allem in grafische Arbeiten umsetzt. Neben Zeichnungen und Acrylbildern widmet sie sich vor allem dem Holzschnitt, in jüngster Zeit auch der Radierung und Lithographie.</p>
<p>„Meine Kunst ist eine Reflexion meiner Reisen, meiner langjährigen Leidenschaft für das Zeichnen und Malen, meiner Offenheit für kreative Experimente und meiner ständigen Suche nach einer immer tiefgründigeren und reduzierten Darstellung.“</p>
<p><strong>Meinhard Taumberger</strong></p>
<p>Seit 1984 künstlerisch tätig.</p>
<p>In dieser Zeit habe ich mich, neben der Malerei, mit verschiedenen Techniken auseinandergesetzt – Holzschnitt, Radierung und Lithografie.</p>
<p>Zurzeit beschäftige ich mich intensiv mit Metallschnitt. Dabei faszinieren mich die Spontanität des Schaffens, sowie die Möglichkeiten des vielfältigen Gestaltens der Flächenstrukturen.</p>
<p><strong>Wir freuen uns auf Ihren Besuch!</strong></p>
<figure class="wp-block-image size-large"><a href="https://st-andrae.info/wp-content/uploads/2025/08/2025-E2-Menschik-Hartlieb-Taumberger-.jpg"><img fetchpriority="high" decoding="async" width="1024" height="495" src="https://st-andrae.info/wp-content/uploads/2025/08/2025-E2-Menschik-Hartlieb-Taumberger--1024x495.jpg" alt="" class="wp-image-11164" srcset="https://st-andrae.info/wp-content/uploads/2025/08/2025-E2-Menschik-Hartlieb-Taumberger--1024x495.jpg 1024w, https://st-andrae.info/wp-content/uploads/2025/08/2025-E2-Menschik-Hartlieb-Taumberger--300x145.jpg 300w, https://st-andrae.info/wp-content/uploads/2025/08/2025-E2-Menschik-Hartlieb-Taumberger--768x371.jpg 768w, https://st-andrae.info/wp-content/uploads/2025/08/2025-E2-Menschik-Hartlieb-Taumberger--1536x743.jpg 1536w, https://st-andrae.info/wp-content/uploads/2025/08/2025-E2-Menschik-Hartlieb-Taumberger--2048x991.jpg 2048w, https://st-andrae.info/wp-content/uploads/2025/08/2025-E2-Menschik-Hartlieb-Taumberger--18x9.jpg 18w" sizes="(max-width: 1024px) 100vw, 1024px" /></a></figure>

        
      	</div>
</div>

<p>22. avgusta 2025 &#8211; 4. oktobra 2025 @ Ganztägig &#8211; Weitere Informationen zu laufenden Ausstellung folgen. Ausstellungsdauer: 22. August bis 04. OktoberÖffnungszeiten: Di. – Fr. 09:00 bis 18:00 und Sa. 09:00 bis 12:00Eintritt: kostenlos Ilse Menschick-Hartlieb Ilse Menschick-Hartlieb, geboren 1954 in Oberkärnten, zeichnet und malt seit mehr als 25 Jahren. Sie lebt und arbeitet in Klagenfurt und ist seit 2024 Mitglied beim Kunstverein Kärnten und &#8230;</p>
