{"id":11952,"date":"2026-04-29T10:01:45","date_gmt":"2026-04-29T08:01:45","guid":{"rendered":"https:\/\/st-andrae.info\/?post_type=event&#038;p=11952"},"modified":"2026-04-29T10:02:41","modified_gmt":"2026-04-29T08:02:41","slug":"domkunst-ii-metamorphosen","status":"publish","type":"event","link":"https:\/\/st-andrae.info\/sl\/veranstaltungen\/domkunst-ii-metamorphosen\/","title":{"rendered":"Domkunst II &#8211; Metamorphosen"},"content":{"rendered":"<div class=\"em em-view-container\" id=\"em-view-1364049117\" data-view=\"event\">\r\n\t<div class=\"em-item em-item-single em-event em-event-single em-event-1009\" id=\"em-event-1364049117\" data-view-id=\"1364049117\">\r\n\t\t<div class=\"event_header\">\r\n\r\n<p class=\"sixcol\">\r\n\t<i class=\"far fa-clock\"><\/i>\r\n\t<em>Datum:<\/em><br\/><strong>1. maja 2026 - 31. oktobra 2026<\/strong> at <strong>18:30 - 19:30<\/strong><\/p>\r\n\r\n<p class=\"sixcol\">\r\n\t<i class=\"fas fa-map-marker-alt\"><\/i>\r\n\t<em>Ort:<\/em><br\/>\r\n\t<strong>Domkirche St. Andr\u00e4  <\/strong>\r\n<\/p>\r\n\r\n<\/div>\r\n<br style=\"clear:both\" \/>\r\n        <p>Mit der Ausstellung \u201eMetamorphosen\u201c setzt die Reihe DOMKUNST im Dom St. Andr\u00e4 ihre k\u00fcnstlerische Auseinandersetzung mit Wandel, Entwicklung und Transformation fort.<\/p>\n<p>Die Ausstellung vereint Werke namhafter K\u00fcnstlerinnen und K\u00fcnstler: Oto Rimele, Sandi \u010cervek, Walter Melcher, Lojze Logar, Gotthard Schatz, Du\u0161an Fi\u0161er und Manfred M\u00f6rth. Ihre Arbeiten widmen sich auf vielf\u00e4ltige Weise dem Thema der Metamorphose \u2013 sei es in Form von Ver\u00e4nderung, Licht, Struktur oder innerer Entwicklung.<\/p>\n<p>Die besondere Atmosph\u00e4re des Domes bietet dabei einen einzigartigen Rahmen, in dem Kunst und Raum in einen spannenden Dialog treten. Erg\u00e4nzt wird die Ausstellung durch eine musikalische Umrahmung im Rahmen der Vernissage.<\/p>\n<p>Die Ausstellung ist \u00fcber mehrere Monate hinweg t\u00e4glich zug\u00e4nglich und l\u00e4dt Besucherinnen und Besucher dazu ein, sich Zeit f\u00fcr Kunst, Ruhe und neue Perspektiven zu nehmen.<\/p>\n<figure class=\"wp-block-image size-large\"><a href=\"https:\/\/st-andrae.info\/wp-content\/uploads\/2026\/04\/Domkunst-II.jpg\"><img fetchpriority=\"high\" decoding=\"async\" width=\"722\" height=\"1024\" src=\"https:\/\/st-andrae.info\/wp-content\/uploads\/2026\/04\/Domkunst-II-722x1024.jpg\" alt=\"\" class=\"wp-image-11953\" srcset=\"https:\/\/st-andrae.info\/wp-content\/uploads\/2026\/04\/Domkunst-II-722x1024.jpg 722w, https:\/\/st-andrae.info\/wp-content\/uploads\/2026\/04\/Domkunst-II-211x300.jpg 211w, https:\/\/st-andrae.info\/wp-content\/uploads\/2026\/04\/Domkunst-II-768x1089.jpg 768w, https:\/\/st-andrae.info\/wp-content\/uploads\/2026\/04\/Domkunst-II-1083x1536.jpg 1083w, https:\/\/st-andrae.info\/wp-content\/uploads\/2026\/04\/Domkunst-II-1444x2048.jpg 1444w, https:\/\/st-andrae.info\/wp-content\/uploads\/2026\/04\/Domkunst-II-8x12.jpg 8w, https:\/\/st-andrae.info\/wp-content\/uploads\/2026\/04\/Domkunst-II.jpg 1749w\" sizes=\"(max-width: 722px) 100vw, 722px\" \/><\/a><\/figure>\n\r\n        \r\n      \t<\/div>\r\n<\/div>","protected":false},"excerpt":{"rendered":"<p>1. maja 2026 &#8211; 31. oktobra 2026 @ 18:30 &#8211; 19:30 &#8211; Mit der Ausstellung \u201eMetamorphosen\u201c setzt die Reihe DOMKUNST im Dom St. Andr\u00e4 ihre k\u00fcnstlerische Auseinandersetzung mit Wandel, Entwicklung und Transformation fort. Die Ausstellung vereint Werke namhafter K\u00fcnstlerinnen und K\u00fcnstler: Oto Rimele, Sandi \u010cervek, Walter Melcher, Lojze Logar, Gotthard Schatz, Du\u0161an Fi\u0161er und Manfred M\u00f6rth. Ihre Arbeiten widmen sich auf vielf\u00e4ltige Weise dem Thema der Metamorphose &#8230;<\/p>","protected":false},"author":2,"featured_media":0,"template":"","class_list":["post-11952","event","type-event","status-publish","hentry","event-categories-allgemein"],"_links":{"self":[{"href":"https:\/\/st-andrae.info\/sl\/wp-json\/wp\/v2\/event\/11952","targetHints":{"allow":["GET"]}}],"collection":[{"href":"https:\/\/st-andrae.info\/sl\/wp-json\/wp\/v2\/event"}],"about":[{"href":"https:\/\/st-andrae.info\/sl\/wp-json\/wp\/v2\/types\/event"}],"author":[{"embeddable":true,"href":"https:\/\/st-andrae.info\/sl\/wp-json\/wp\/v2\/users\/2"}],"wp:attachment":[{"href":"https:\/\/st-andrae.info\/sl\/wp-json\/wp\/v2\/media?parent=11952"}],"curies":[{"name":"wp","href":"https:\/\/api.w.org\/{rel}","templated":true}]}}

<div class="em em-view-container" id="em-view-1364049117" data-view="event">
	<div class="em-item em-item-single em-event em-event-single em-event-1009" id="em-event-1364049117" data-view-id="1364049117">
		<div class="event_header">

<p class="sixcol">
	<i class="far fa-clock"></i>
	<em>Datum:</em><br/><strong>1. maja 2026 - 31. oktobra 2026</strong> at <strong>18:30 - 19:30</strong></p>

<p class="sixcol">
	<i class="fas fa-map-marker-alt"></i>
	<em>Ort:</em><br/>
	<strong>Domkirche St. Andrä  </strong>
</p>

</div>
<br style="clear:both" />
        <p>Mit der Ausstellung „Metamorphosen“ setzt die Reihe DOMKUNST im Dom St. Andrä ihre künstlerische Auseinandersetzung mit Wandel, Entwicklung und Transformation fort.</p>
<p>Die Ausstellung vereint Werke namhafter Künstlerinnen und Künstler: Oto Rimele, Sandi Červek, Walter Melcher, Lojze Logar, Gotthard Schatz, Dušan Fišer und Manfred Mörth. Ihre Arbeiten widmen sich auf vielfältige Weise dem Thema der Metamorphose – sei es in Form von Veränderung, Licht, Struktur oder innerer Entwicklung.</p>
<p>Die besondere Atmosphäre des Domes bietet dabei einen einzigartigen Rahmen, in dem Kunst und Raum in einen spannenden Dialog treten. Ergänzt wird die Ausstellung durch eine musikalische Umrahmung im Rahmen der Vernissage.</p>
<p>Die Ausstellung ist über mehrere Monate hinweg täglich zugänglich und lädt Besucherinnen und Besucher dazu ein, sich Zeit für Kunst, Ruhe und neue Perspektiven zu nehmen.</p>
<figure class="wp-block-image size-large"><a href="https://st-andrae.info/wp-content/uploads/2026/04/Domkunst-II.jpg"><img fetchpriority="high" decoding="async" width="722" height="1024" src="https://st-andrae.info/wp-content/uploads/2026/04/Domkunst-II-722x1024.jpg" alt="" class="wp-image-11953" srcset="https://st-andrae.info/wp-content/uploads/2026/04/Domkunst-II-722x1024.jpg 722w, https://st-andrae.info/wp-content/uploads/2026/04/Domkunst-II-211x300.jpg 211w, https://st-andrae.info/wp-content/uploads/2026/04/Domkunst-II-768x1089.jpg 768w, https://st-andrae.info/wp-content/uploads/2026/04/Domkunst-II-1083x1536.jpg 1083w, https://st-andrae.info/wp-content/uploads/2026/04/Domkunst-II-1444x2048.jpg 1444w, https://st-andrae.info/wp-content/uploads/2026/04/Domkunst-II-8x12.jpg 8w, https://st-andrae.info/wp-content/uploads/2026/04/Domkunst-II.jpg 1749w" sizes="(max-width: 722px) 100vw, 722px" /></a></figure>

        
      	</div>
</div>

<p>1. maja 2026 &#8211; 31. oktobra 2026 @ 18:30 &#8211; 19:30 &#8211; Mit der Ausstellung „Metamorphosen“ setzt die Reihe DOMKUNST im Dom St. Andrä ihre künstlerische Auseinandersetzung mit Wandel, Entwicklung und Transformation fort. Die Ausstellung vereint Werke namhafter Künstlerinnen und Künstler: Oto Rimele, Sandi Červek, Walter Melcher, Lojze Logar, Gotthard Schatz, Dušan Fišer und Manfred Mörth. Ihre Arbeiten widmen sich auf vielfältige Weise dem Thema der Metamorphose &#8230;</p>
